er when 106855 is divided by 101?
98
Calculate the remainder when 72333 is divided by 132.
129
Calculate the remainder when 3185 is divided by 1802.
1383
Calculate the remainder when 257343 is divided by 9.
6
What is the remainder when 60544 is divided by 5504?
0
Calculate the remainder when 7608 is divided by 350.
258
Calculate the remainder when 6472 is divided by 1616.
8
Calculate the remainder when 125681 is divided by 11424.
17
Calculate the remainder when 1120 is divided by 361.
37
What is the remainder when 1281 is divided by 451?
379
Calculate the remainder when 17432 is divided by 158.
52
What is the remainder when 3141 is divided by 385?
61
What is the remainder when 8690217 is divided by 54?
51
What is the remainder when 5137 is divided by 301?
20
Calculate the remainder when 2340 is divided by 671.
327
Calculate the remainder when 12561 is divided by 480.
81
What is the remainder when 39614 is divided by 1366?
0
Calculate the remainder when 2147 is divided by 528.
35
What is the remainder when 2833538 is divided by 20?
18
Calculate the remainder when 5212349 is divided by 239.
237
Calculate the remainder when 38887 is divided by 2429.
23
What is the remainder when 2550 is divided by 1257?
36
What is the remainder when 18070 is divided by 234?
52
Calculate the remainder when 118765 is divided by 249.
241
What is the remainder when 3593778 is divided by 10?
8
What is the remainder when 68633 is divided by 78?
71
What is the remainder when 5980 is divided by 5386?
594
Calculate the remainder when 23151 is divided by 256.
111
Calculate the remainder when 177013 is divided by 109.
106
What is the remainder when 1012266 is divided by 70?
66
What is the remainder when 24382 is divided by 28?
22
Calculate the remainder when 878 is divided by 3.
2
Calculate the remainder when 1535 is divided by 382.
7
What is the remainder when 5480 is divided by 65?
20
Calculate the remainder when 1436 is divided by 325.
136
What is the remainder when 147400 is divided by 57?
55
Calculate the remainder when 841 is divided by 240.
121
What is the remainder when 2243812 is divided by 143?
142
Calculate the remainder when 28689 is divided by 8.
1
What is the remainder when 7174 is divided by 23?
21
Calculate the remainder when 65416 is divided by 81.
49
Calculate the remainder when 153270 is divided by 23.
21
Calculate the remainder when 42092 is divided by 40.
12
Calculate the remainder when 106962 is divided by 677.
673
What is the remainder when 5615 is divided by 890?
275
What is the remainder when 2229 is divided by 2051?
178
Calculate the remainder when 212888 is divided by 171.
164
Calculate the remainder when 428977 is divided by 8.
1
What is the remainder when 107734 is divided by 394?
172
What is the remainder when 1641 is divided by 48?
9
What is the remainder when 10733 is divided by 5064?
605
Calculate the remainder when 1886 is divided by 928.
30
Calculate the remainder when 1253 is divided by 164.
105
Calculate the remainder when 581 is divided by 453.
128
Calculate the remainder when 18846 is divided by 862.
744
What is the remainder when 1317 is divided by 50?
17
Calculate the remainder when 25894 is divided by 8612.
58
Calculate the remainder when 13268 is divided by 150.
68
What is the remainder when 211401 is divided by 9608?
25
Calculate the remainder when 371999 is divided by 19.
17
Calculate the remainder when 1598 is divided by 790.
18
Calculate the remainder when 17194 is divided by 217.
51
What is the remainder when 71616 is divided by 5966?
24
Calculate the remainder when 161749 is divided by 40435.
9
Calculate the remainder when 109182 is divided by 910.
892
What is the remainder when 108927 is divided by 9073?
51
Calculate the remainder when 103966 is divided by 812.
30
What is the remainder when 13969 is divided by 1161?
37
Calculate the remainder when 5968 is divided by 2975.
18
What is the remainder when 38357 is divided by 45?
17
What is the remainder when 5203 is divided by 1025?
78
What is the remainder when 42274 is divided by 39?
37
Calculate the remainder when 404 is divided by 61.
38
Calculate the remainder when 32781 is divided by 3278.
1
Calculate the remainder when 41353 is divided by 218.
151
What is the remainder when 2210 is divided by 358?
62
What is the remainder when 999 is divided by 333?
0
Calculate the remainder when 3047 is divided by 1088.
871
What is the remainder when 6087 is divided by 6084?
3
Calculate the remainder when 2849 is divided by 381.
182
What is the remainder when 8108 is divided by 2001?
104
Calculate the remainder when 2461 is divided by 2440.
21
What is the remainder when 6916 is divided by 457?
61
What is the remainder when 49724 is divided by 39?
38
What is the remainder when 3203 is divided by 145?
13
Calculate the remainder when 10733 is divided by 90.
23
Calculate the remainder when 469 is divided by 336.
133
What is the remainder when 4903 is divided by 326?
13
What is the remainder when 375042 is divided by 926?
12
Calculate the remainder when 14474 is divided by 4.
2
Calculate the remainder when 9131 is divided by 13.
5
Calculate the remainder when 137 is divided by 99.
38
What is the remainder when 5100806 is divided by 286?
282
What is the remainder when 39078 is divided by 13005?
63
Calculate the remainder when 9257 is divided by 165.
17
Calculate the remainder when 843073 is divided by 31.
28
What is the remainder when 185720 is divided by 67?
63
What is the remainder when 73448 is divided by 9181?
0
What is the remainder when 30253 is divided by 5040?
13
Calculate the remainder when 2939 is divided by 104.
27
Calculate the remainder when 18073 is divided by 6022.
7
What is the remainder when 60167 is divided by 5?
2
What is the remainder when 1044 is divided by 176?
164
Calculate the remainder when 509217 is divided by 270.
267
Calculate the remainder when 85812 is divided by 42880.
52
What is the remainder when 11108 is divided by 161?
160
What is the remainder when 2523 is divided by 1255?
13
Calculate the remainder when 95394 is divided by 413.
404
What is the remainder when 159 is divided by 97?
62
Calculate the remainder when 173687 is divided by 19296.
23
Calculate the remainder when 17578 is divided by 59.
55
What is the remainder when 278399 is divided by 2109?
11
What is the remainder when 5327 is divided by 33?
14
Calculate the remainder when 7800 is divided by 601.
588
What is the remainder when 11223 is divided by 99?
36
Calculate the remainder when 189 is divided by 24.
21
What is the remainder when 3860339 is divided by 660?
659
What is the remainder when 1225 is divided by 635?
590
Calculate the remainder when 67641 is divided by 26.
15
What is the remainder when 829761 is divided by 313?
311
Calculate the remainder when 53800 is divided by 13447.
12
What is the remainder when 2154053 is divided by 135?
128
Calculate the remainder when 12241 is divided by 30.
1
Calculate the remainder when 5166 is divided by 517.
513
Calculate the remainder when 2662 is divided by 884.
10
What is the remainder when 37913 is divided by 12636?
5
What is the remainder when 47020 is divided by 171?
166
Calculate the remainder when 102082 is divided by 8.
2
What is the remainder when 13576 is divided by 287?
87
What is the remainder when 813 is divided by 34?
31
What is the remainder when 398 is divided by 380?
18
What is the remainder when 2848 is divided by 3?
1
What is the remainder when 100056 is divided by 20002?
46
What is the remainder when 18262 is divided by 255?
157
What is the remainder when 388 is divided by 128?
4
Calculate the remainder when 1533627 is divided by 248.
243
Calculate the remainder when 1222 is divided by 414.
394
Calculate the remainder when 37 is divided by 31.
6
Calculate the remainder when 69884 is divided by 23261.
101
Calculate the remainder when 4216 is divided by 251.
200
What is the remainder when 19392 is divided by 411?
75
What is the remainder when 13972 is divided by 106?
86
What is the remainder when 187407 is divided by 15616?
15
What is the remainder when 7290 is divided by 84?
66
Calculate the remainder when 267942 is divided by 274.
244
What is the remainder when 8427 is divided by 4211?
5
What is the remainder when 13189 is divided 